+ 11505. Give a(6).
99
Let m(d) = -647*d**3 - 7*d**2 + 55*d - 48. What is m(1)?
-647
Let k(i) = 4*i**3 + 12*i**2 + 194*i + 1034. Calculate k(-5).
-136
Let w(p) = -4*p**2 + 221*p - 3143. What is w(50)?
-2093
Let j(t) = -13*t**2 - 1014*t + 22. What is j(-78)?
22
Let s(b) = 1559*b - 80733. Give s(54).
3453
Let i(y) = 876*y - 107645. Give i(123).
103
Let w(j) = -j**2 + 22983*j + 3609657. Give w(-156).
-27
Let d(s) = 5*s**3 - 56*s**2 - 124*s + 89. What is d(13)?
-2
Let s(k) = -4*k**3 + 102*k**2 - 158*k + 116. Determine s(24).
-220
Let p(g) = -9*g**2 - 1362*g - 20559. Give p(-17).
-6
Let n(u) = -18*u**3 - 23*u**2 + 727*u - 5. Calculate n(-7).
-47
Let p(q) = -8*q**2 + 126*q - 2094. Give p(15).
-2004
Let m(j) = 116343*j + 581827. What is m(-5)?
112
Let i(z) = -7639*z - 45876. Calculate i(-6).
-42
Let d(v) = -3*v**2 - 1080*v + 14454. Determine d(13).
-93
Let x(m) = -2*m**3 + 43*m**2 - 68*m - 57. What is x(21)?
-1044
Let w(l) = 208*l**2 + 386*l + 1567. Determine w(-4).
3351
Let d(t) = 19*t**2 - 478*t + 2242. Give d(19).
19
Let i(v) = v**3 - 65*v**2 + 369*v + 4975. Determine i(57).
16
Let b(v) = 676110*v + 18. Give b(0).
18
Let p(g) = 11*g**3 - 3*g**2 + 68*g + 132. Determine p(-2).
-104
Let b(w) = -w**2 + 3883*w + 121361. Determine b(-31).
27
Let g(o) = 8*o**2 + 410*o + 3645. Give g(-40).
45
Let g(i) = 4*i**2 + 196*i - 774. What is g(4)?
74
Let s(y) = -1348*y**2 + 8120*y - 1. What is s(6)?
191
Let h(w) = -36*w**2 + 836*w - 194. Determine h(23).
-10
Let k(j) = j**3 + 681*j**2 + 94733*j - 17984. What is k(-486)?
-2
Let d(j) = 2*j**3 + 207*j**2 - 125*j - 974. Determine d(-104).
1210
Let p(i) = -32892*i + 624941. Give p(19).
-7
Let c(p) = 11*p**3 + 169*p**2 + 300*p + 3606. Give c(-15).
6
Let m(t) = 2*t**3 + 18*t**2 - 1079*t + 297. Determine m(19).
12
Let c(d) = -50*d**2 + 2567*d - 12278. Determine c(46).
4
Let j(y) = -1992*y - 44939. Give j(-22).
-1115
Let n(w) = -15322*w + 2913. What is n(0)?
2913
Let x(c) = -2*c**2 + 77*c + 4278. Calculate x(71).
-337
Let t(x) = 269*x**3 + 4*x**2 + 307*x + 304. Give t(-1).
-268
Let m(k) = 3*k**2 - 2052*k - 44421. What is m(-21)?
-6
Let l(s) = -553*s**3 - s**2 - 58*s - 55. Give l(-1).
555
Let b(k) = 295790*k + 1183150. What is b(-4)?
-10
Let z(r) = 237*r**2 - 89*r + 189. Determine z(3).
2055
Let x(r) = 43*r - 928. What is x(52)?
1308
Let g(u) = 1202*u + 20717. Determine g(-17).
283
Let l(s) = 18*s**2 + 58*s - 473. Calculate l(8).
1143
Let h(f) = -f**2 + 5657*f + 39654. Calculate h(-7).
6
Let s(v) = -3414*v + 867162. What is s(254)?
6
Let q(f) = -5248803*f + 36741626. Calculate q(7).
5
Let s(x) = 453286*x - 453278. Give s(1).
8
Let h(x) = -2*x**3 + 265*x**2 - 386*x - 161. What is h(131)?
756
Let y(s) = s**3 + 37*s**2 - 1220*s - 44934. Calculate y(-34).
14
Let w(m) = -18*m**3 - 785*m**2 - 1234*m - 665. Determine w(-42).
7
Let f(z) = -5*z**2 - 1123*z - 6628. What is f(-6)?
-70
Let o(z) = -3*z**3 - 115*z**2 + 4736*z + 220. Calculate o(25).
-130
Let i(o) = -20*o**2 - 338*o - 153. What is i(-20)?
-1393
Let j(r) = 110*r**2 - 4490*r - 818. What is j(41)?
2
Let v(y) = -232*y - 2972. Give v(-13).
44
Let r(o) = -259*o - 8072. Calculate r(-31).
-43
Let g(f) = 9*f**3 + f**2 - 677*f - 2000. Calculate g(-3).
-203
Let c(d) = 383*d**2 + 2675*d - 76. Give c(-7).
-34
Let h(p) = 314674*p + 1573409. Determine h(-5).
39
Let o(y) = 2*y**3 - 86*y**2 + 83*y + 64. Determine o(42).
22
Let f(t) = 17144*t - 925776. Determine f(54).
0
Let q(t) = -8*t**3 + 3*t**2 - 32*t + 26. What is q(1)?
-11
Let a(r) = -1867*r + 115810. Give a(62).
56
Let t(m) = 3077*m + 2541590. Calculate t(-826).
-12
Let v(r) = -3*r**2 + 942*r - 10171. Give v(11).
-172
Let w(p) = -729*p**2 + 8815*p - 805. Determine w(12).
-1
Let m(v) = 60*v**2 - 12114*v - 1215. What is m(202)?
-3
Let c(o) = -94*o - 5496. Give c(-60).
144
Let y(w) = 10*w**2 - 14121*w - 156535. Determine y(-11).
6
Let u(c) = c**3 + 24*c**2 - 19*c + 2795. What is u(-30)?
-2035
Let n(b) = 4*b**2 + 197*b + 502. Determine n(-49).
453
Let n(b) = 4*b**3 + 12*b**2 + 3*b + 42. Determine n(-7).
-763
Let v(z) = 4*z**3 + 384*z**2 - 8739*z + 84. Determine v(-115).
-31
Let l(k) = 422*k - 31658. Calculate l(70).
-2118
Let p(o) = -13*o**3 - 595*o**2 + 150*o + 546. Determine p(-46).
-6
Let h(z) = 10262115*z - 51310573. What is h(5)?
2
Let u(m) = -2*m**3 - m**2 + 9*m - 3704. What is u(0)?
-3704
Let z(w) = -10*w**3 - 8298*w**2 + 1527*w - 110395. Calculate z(-830).
-5
Let r(t) = 6558*t - 3429814. What is r(523)?
20
Let o(d) = 2*d**2 - 13*d - 182. Calculate o(25).
743
Let i(m) = -9650*m + 598307. Calculate i(62).
7
Let x(w) = -54*w**2 - 485*w - 425. Determine x(-8).
-1
Let z(j) = -2*j**3 + 25*j**2 + 212*j - 2470. What is z(9)?
5
Let w(i) = 4*i**3 - 3*i**2 - 76*i + 39. Calculate w(7).
732
Let j(r) = -5845*r - 58473. Calculate j(-10).
-23
Let u(j) = 2*j**2 - 824*j - 6610. What is u(-8)?
110
Let c(g) = -24*g**2 + 27342*g + 47908. Give c(1141).
-14
Let v(r) = -5215*r - 57543. What is v(-11)?
-178
Let x(h) = -h**3 + 95*h**2 + 2398*h + 397. What is x(116)?
-4011
Let h(z) = 3539832*z + 3539830. Determine h(-1).
-2
Let n(i) = 87*i**2 - 1675*i + 441. What is n(19)?
23
Let m(h) = 10*h**3 - 95*h**2 + 78*h - 309. Calculate m(9).
-12
Let w(k) = -5216*k + 125240. Calculate w(24).
56
Let i(g) = g**2 - 3*g - 2576. Determine i(53).
74
Let k(l) = l**3 - 38*l**2 - 1079*l + 39961. Calculate k(40).
1
Let f(j) = 8*j**2 - 168*j - 1048. What is f(26)?
-8
Let o(u) = -u**3 - 214*u**2 + 8711*u + 119. Give o(35).
-21
Let x(a) = 5*a**3 + a**2 + 1536*a - 3056. Determine x(2).
60
Let r(l) = -1585*l**3 + 71*l**2 + 69*l - 2. Give r(-1).
1585
Let c(h) = -4*h**2 + 244*h + 81. Determine c(62).
-167
Let d(c) = 395*c - 1301. Give d(3).
-116
Let w(l) = -2504*l - 115231. Determine w(-46).
-47
Let z(t) = 95*t**2 + 46075*t + 33. Calculate z(-485).
33
Let l(v) = -7*v**3 + 160*v**2 + 55*v - 712. Determine l(23).
24
Let r(n) = n**3 - 51*n**2 - 6*n - 1136. Determine r(51).
-1442
Let r(w) = 4979*w + 3236351. Calculate r(-650).
1
Let s(a) = -3*a**3 + 2877*a**2 - 20036*a + 41889. Calculate s(952).
1
Let f(y) = y**3 + 191*y**2 + 1061*y + 58541. Give f(-187).
10
Let r(l) = 32*l**2 + 351*l + 145. Calculate r(-11).
156
Let r(w) = 5*w**2 - 746*w - 3061. Give r(-4).
3
Let n(v) = -1042*v + 42680. Determine n(41).
-42
Let m(i) = -2*i**2 + 4415*i + 30971. Calculate m(-7).
-32
Let v(q) = 2*q**2 + 654*q - 9546. Give v(14).
2
Let b(p) = -19*p**2 - 713*p + 21. Determine b(-36).
1065
Let h(j) = 69*j**2 - 28794*j + 8764. Determine h(417).
7
Let m(f) = -8304*f - 32194. Determine m(-4).
1022
Let a(p) = -6*p**2 - 9724*p - 106347. Calculate a(-11).
-109
Let o(v) = -40091*v + 280687. Calculate o(7).
50
Let r(o) = 1346*o**2 - 23100*o + 3713. Give r(17).
7
Let c(b) = -b**2 + 2870*b + 49077. Calculate c(-17).
-2
Let i(w) = 12*w**3 + w**2 - 1844*w - 3697. Give i(-2).
-101
Let h(r) = 17361*r + 156256. What is h(-9)?
7
Let q(t) = 16186*t - 31947. Determine q(2).
425
Let y(f) = -3*f**2 - 430*f - 9812. Determine y(-115).
-37
Let n(u) = u**2 - 1125*u + 306927. Calculate n(465).
27
Let a(u) = 6*u**3 - 8*u**2 + 2955*u - 17721. Calculate a(6).
1017
Let c(l) = l**3 - 167*l**2 - 1832*l - 622. Determine c(-10).
-2
Let w(c) = c**3 + 17*c**2 - 117*c - 50. Calculate w(7).
307
Let j(n) = -1135*n**2 + 23843*n + 129. Determine j(21).
297
Let s(k) = -k**3 - 3*k**2 - 772*k - 3131. Determine s(-4).
-27
Let x(i) = -i**3 - 336*i**2 - 7491*i - 991. Give x(-312).
-55
Let t(b) = -19*b**2 - 189*b + 969. What is t(5)?
-451
Let v(u) = u**3 - 14*u**2 - 2691*u - 33661. Determine v(-15).
179
Let b(d) = 5*d**3 + 8*d**2 + 11*d - 28. Give b(2).
66
Let p(u) = -31*u**2 + 299*u - 137. Calculate p(-4).
-1829
Let k(x) = -x**3 - 21*x**2 - 644*x + 5952. What is k(7)?
72
Let s(j) = 41*j**2 - 1256*j + 2141. Give s(29).
198
Let q(r) = -2*r**2 + 131*r + 48066. Give q(-126).
-192
Let r(s) = s**2 + 1743*s - 82301. Give r(46).
-7
Let k(m) = -127*m + 51552. Calculate k(406).
-10
Let g(y) = 5*y**2 + 50*y - 2913. Give g(27).
2082
Let t(u) = 1661*u - 54372. Give t(33).
441
Let m(y) = -10*y**3 + 6*y**2 + 294*y - 1823. What is m(6)?
-2003
Let k(q) = -9*q**3 - 4*q**2 - 130*q - 257. Calculate k(-2).
59
Let l(p) = 8216*p + 82025. Calculate l(-10).
-135
Let a(g) = 31*g + 3571. Give a(-112).
99
Let b(f) = -39*f**3 + 161*f**2 - 15*f + 20. Calculate b(4).
40
Let l(